. Is w(p) a prime number?
True
Let k = 43 - -17. Suppose 21*t + 2635113 = k*t. Is t composite?
False
Suppose -2*n - 3*l = 1 + 4, 5*n - 13 = l. Let t be -2 + -1 - n*(-458 - 4). Suppose t = -9*f + 12*f. Is f composite?
False
Let f(o) = 12423*o**2 - 81*o + 803. Is f(13) a composite number?
True
Is -1 - -319383 - ((-76)/4)/(-19) a prime number?
False
Let z(n) be the third derivative of 8899*n**6/120 - n**5/60 + n**4/12 - n**3/6 - 29*n**2. Is z(1) a prime number?
False
Let c = -145 - -150. Suppose 0 = -2*z - 4*t + 1166, -c*t + 16 = -9. Is z composite?
True
Let o(v) = 9*v - 13. Let i be o(12). Let f be -2 - -5 - 19/(i/3750). Is f/(-5) - 2/5 prime?
True
Is -1*(-695775)/(-50)*(-20)/6 a composite number?
True
Let f = 195344 - 52207. Is f a composite number?
False
Is 0 - 1/(413484/(-413481) + 1) composite?
False
Let k = 20039 - 14101. Suppose 2*m + 4*q = 6*q + 11876, -k = -m - 2*q. Is m prime?
False
Suppose 5*u - 34 = 4*z, 4*u = 2*z + 14 + 6. Let t be (20/(-8) + 4)/(z/(-28)). Suppose -3*f = -2*n - 633, 2*n = 5*f + t*n - 1055. Is f prime?
True
Let l = 30608 - 43372. Let u = l - -19245. Is u a prime number?
True
Suppose -2*v - 96 = -y, 3*v - 5*y = 2*v - 66. Let g = -58 - v. Is (-5817)/g + ((-2)/1)/(-8) a composite number?
True
Suppose -2*u = 6 - 14. Let p(x) = -5 + 2*x**2 - 12*x**3 - u - 3*x + 9. Is p(-5) composite?
True
Suppose -l + 4*f + 532335 = 0, f - 2732040 = -5*l - 70449. Is l prime?
False
Let a(p) be the second derivative of 1/3*p**3 - 1/20*p**5 + 1/6*p**4 + p + 0 - 13/2*p**2. Is a(-6) composite?
False
Suppose -5*a = -a + 4*w - 28, -5*w = -2*a - 21. Is -13 + 8 + 11020 + (2 - a) prime?
False
Let a be (-10)/35 + 32/14. Suppose 5 - 13 = -a*f. Suppose 2*d + f*d = 2262. Is d a composite number?
True
Suppose 893*m - 904*m = -10021. Is m composite?
False
Suppose -17*c + 18*c - 9008 = -y, -4*c = -5*y - 35987. Is c + ((-2 - -2)/1)/4 composite?
True
Let f(q) = q**3 + 15*q**2 + 14*q + 8. Let z be f(-14). Is ((-100)/z)/(-5) - (-44373)/2 prime?
True
Let p(r) = 2*r**2 + 3*r + 3. Let b be 3/((-1)/((-2)/(-6))). Let i be p(b). Suppose 9*k = i*k + 847. Is k a prime number?
False
Let p be (-1*180)/5*4/(-6). Is (-3*p/36)/(2/(-2039)) a prime number?
True
Is (2032480/320)/(2/4) composite?
False
Suppose 0 = 2*s - 51 - 85. Let t = s - 71. Let m(z) = 6*z**2 + 7*z + 22. Is m(t) composite?
True
Suppose z - 41 = 2*z. Let s = -37 - z. Is (11 + -16)*(-2)/(s/422) a prime number?
False
Let g be 5279*1*5/5 - 3. Suppose 2*c + 0*q + 2*q - g = 0, 3*c - 2*q = 7889. Is c a prime number?
True
Suppose 8*n = 4*n - i + 3527, 5*i - 1759 = -2*n. Suppose -4*d - 4620 = -4*k, 3*k + 4*d - n = 2555. Is k a prime number?
True
Suppose 2*x = 3*y - 12, 2*x + x - 4 = -y. Suppose x = -11*z - z + 31404. Is z composite?
False
Is ((-2)/5)/((-1636360)/272725 - -6) prime?
True
Suppose 2*w = 2*q - w - 458357, 5*q - 1145912 = w. Is q composite?
True
Let q(y) = -2*y - 4. Let i be q(-5). Let t(x) = 4*x**3 + 10*x**2 - 14*x + 11. Is t(i) composite?
False
Suppose -5*p = 18 + 12, 4*p = 2*r - 630606. Is r prime?
False
Is -4 + ((-20904)/(-9) - 2/(-6)) prime?
False
Suppose 0 = -19*k - 2745 - 2537. Let n = 1920 + k. Is n a composite number?
True
Let w(x) = -x - 21. Let z be w(-17). Let l be 4 + ((-8)/z - 548). Let j = l + 1165. Is j composite?
True
Let n(w) = 176*w + 8 - 6 + 0. Let d be n(20). Suppose 8*j = 782 + d. Is j a composite number?
True
Let z = 1741 + 8338. Is z a prime number?
True
Let m(c) = -c**2 - 3*c + 23. Let d be m(-6). Suppose -16*h = -d*h - 154. Is (-26)/(-91) - (-4602)/h composite?
True
Let a be 4 - (10 - 14) - (-2)/1. Suppose 4*b = 3*z - 61211, 8*z - a*z = -2*b - 40810. Is z a composite number?
True
Suppose 6*h = 81128 - 14330. Suppose -3*z - 3*b = z - h, -z - 3*b = -2772. Is z prime?
False
Let l = -70 - -70. Suppose -3*t - 3*p + 11123 = 2*p, l = 4*t - 3*p - 14850. Is t a prime number?
False
Let s(k) = -k**3 - 12*k**2 + 83*k + 27. Is s(-38) a prime number?
False
Let o be (287/21)/((-2)/(-6)). Suppose 4*i - 19 = o. Is i/(-3)*(944/(-10) - -1) prime?
True
Let g(s) = 18*s**3 - s**2 - 16*s + 143. Is g(12) composite?
False
Suppose 0*f + 3*f - 2271 = 0. Let q(h) = 16*h**2 - 6. Let o be q(7). Suppose -5*d + o + f = 0. Is d prime?
True
Let v(n) = -n**3 + 25*n**2 - 22*n - 49. Let x be v(24). Suppose -722 - 832 = p. Is x/2*(p - (8 - 0)) a composite number?
True
Let a be 3 + -148*1/(-4). Is (1*(-1266)/(-15))/(16/a) a composite number?
False
Suppose -5*w = -2*d - 15, -d = 5*w - 6*d - 30. Is 957 + w - 2*7/(-14) composite?
True
Let m = 215 + -195. Suppose -m*q = -63774 - 41606. Is q a composite number?
True
Suppose -3*l = -g + 5 + 2, 4*l + 20 = 0. Let n(k) = -5*k**3 + k**2 - 10*k - 7. Let v be n(g). Let s = v - 1042. Is s prime?
False
Let h be 1/(2 - 1)*73. Let w = h + -68. Suppose -2*g - g - 333 = -3*l, 3*l - 329 = w*g. Is l a prime number?
True
Let m = 16056 + -7835. Is m prime?
True
Suppose 12 = -4*h + 24, -4*v + 138536 = -4*h. Is v prime?
False
Suppose -5*o = -5*s + 133695, 5*s + 2*o - 3*o = 133687. Is s prime?
True
Suppose -11*r - 255 = -16*r. Let y = -47 + r. Suppose 0 = -2*a + y*u + 378, u + 0*u - 192 = -a. Is a a composite number?
False
Suppose 6 = 6*z - 6. Suppose 0 = z*t - 7 - 3. Suppose -4*u + t*u - 523 = 0. Is u composite?
False
Let z = -313873 - -623604. Is z a composite number?
False
Suppose 10*r + 364 = 24*r. Suppose -22*b - 28276 = -r*b. Is b a prime number?
True
Let c = 1198521 + -735088. Is c a prime number?
True
Let a(i) = 1095*i**2 - 1. Let j be a(1). Suppose 0 = 5*u, -182*u + 187*u - 8 = -2*c. Suppose -4*f + 6*f = -c*y + 1070, 0 = 2*f - 4*y - j. Is f prime?
True
Let v be (-4*(-6)/24)/((-1)/(-2)). Let d(w) = w - 820 + w**3 - v*w**3 + 813. Is d(-6) a composite number?
True
Suppose -5*b - 4 = m - 31, 3*m - 1 = b. Let z be (-3)/(-5) - (m + (-42)/30). Suppose -4*y - 2*q + 266 = z, y + 5*q - 46 - 34 = 0. Is y a prime number?
False
Suppose 10*v - 38*v - 150357 + 665473 = 0. Is v a prime number?
True
Let p(i) = i**3 - i**2 - 4*i + 293. Suppose -2*z - 66 = -66. Suppose z*m - 7*m = 0. Is p(m) a prime number?
True
Is (-2862002)/(-12) + -20*13/(-312) composite?
True
Suppose 21*i - 33240 = 11*i. Suppose 0 = -2*r - 2*r + i. Is r a prime number?
False
Let u = 18 + 26. Suppose u*c - 170 = 46*c. Let f = c - -339. Is f prime?
False
Let z(b) = -53*b - 13. Let h be z(-12). Suppose 2*u - h = 971. Is u prime?
True
Let v(p) = -449*p**3 - 5*p**2 + 3*p + 10. Is v(-4) composite?
True
Let j(q) = 9*q - 11*q**3 + 26 + q - 5*q**2 + 17*q**3 - 10*q**3. Is j(-9) a prime number?
True
Let a(c) = -1686*c - 2277. Let i be a(-5). Suppose 6*b = 3*b + 4*d + 48, 2*d - 46 = -2*b. Suppose -i = -b*w + 17*w. Is w a composite number?
True
Suppose -n - 4*g + 9842573 = 4*n, 5*n + 2*g - 9842589 = 0. Is n a prime number?
True
Suppose 35*i - 3574488 = 11*i. Is i composite?
True
Suppose 0 = -2*k + 8 - 2. Suppose -3*l - 3558 = m, k*m + 3*l = 4*m + 3534. Let w = m - -5385. Is w composite?
True
Suppose 17*v - 201738 = -727140. Let z = -22049 - v. Is z a prime number?
False
Let z be (-8)/7 - (-14)/98. Let k(q) = -17146*q**3 - 2*q**2 - 5*q - 2. Is k(z) composite?
True
Suppose 9*t = 12*t + 21. Is (t/1 - -1919) + -5 a prime number?
True
Suppose -25*t + 23448 = -2*t + t. Is t composite?
False
Let o be (-121)/(95/583 - 66/363). Suppose -2*g + k = -1824 - o, 2*g = -k + 8231. Is g composite?
True
Let y(s) = s**3 + 4*s**2 + 4*s + 7. Let h be y(-3). Suppose -h*l - 4*b + 19900 = 0, -7*b + 10*b - 12 = 0. Is l a composite number?
True
Let y(f) = 7*f - 3*f**2 - f**3 + 8 - 3 - 7 - f**2. Let q be y(-5). Is ((-12)/(-8))/(q/(-3032)) a composite number?
False
Let q(b) = -2*b - 17. Let z(g) = g + 8. Let n(j) = 3*q(j) + 7*z(j). Let h be n(-5). Let o(d) = -d**2 + 2*d + 1087. Is o(h) a composite number?
False
Suppose 6*d + 55 = 7. Let o = d - -12. Suppose o*s - 20 = 0, 0 = 5*n - s - 3*s - 995. Is n prime?
False
Let d be (18/(-4))/(9/(-60)). Let p = -27 + d. Is (-3)/((-12)/2576) + p prime?
True
Let s(m) = -m**3 + 4*m**2 + 5*m - 2. Let x be s(5). Let y be 5 - (x + -2)/4. Suppose 3607 = y*f - 1715. Is f a composite number?
False
Suppose -4460080 = -5*b - 5*h, -3*b - 1688866 + 4364938 = -5*h. Is b a prime number?
True
Suppose -316*q + 3674 = -318*q. Let r = 3684 + q. Is r a composite number?
False
Let z(r) = 413*r + 10152. Is z(25) a composite number?
False
Suppose -7